{"id":1095,"date":"2017-01-02T13:11:20","date_gmt":"2017-01-02T12:11:20","guid":{"rendered":"http:\/\/delfin-pakrac.com\/press\/?page_id=1095"},"modified":"2023-03-29T09:46:32","modified_gmt":"2023-03-29T07:46:32","slug":"projekt-pomoc-i-podrska-zrtvama-i-svjedocima-dostupna-svima","status":"publish","type":"page","link":"http:\/\/delfin-pakrac.com\/press\/?page_id=1095","title":{"rendered":"Mre\u017ee podr\u0161ke i suradnje \u017ertvama i svjedocima kaznenih djela"},"content":{"rendered":"<p>Program \u201eMre\u017ea podr\u0161ke i suradnje \u017ertvama i svjedocima kaznenih djela\u201c kreiran je s ciljem osiguravanja pru\u017eanja pomo\u0107i i podr\u0161ke \u017ertvama i svjedocima kaznenih djela u \u017eupanijama u kojima nisu osnovani odjeli za podr\u0161ku \u017ertvama i svjedocima. Program se provodi u trajanju od tri godine, odnosno od 01.01.2018.\u00a0 do 31.12.2020.<\/p>\n<p><strong>Centar za podr\u0161ku i razvoj civilnog dru\u0161tva \u201eDELFIN\u201c sudjeluju\u0107i u provedbi ovog projekta nastavlja raditi na pru\u017eanju pomo\u0107i i podr\u0161ke \u017ertvama, svjedocima i \u010dlanovima obitelji kaznenih djela i prekr\u0161aja, kao i na pru\u017eanju razli\u010ditih informacija i smanjenju traume, prije za vrijeme i nakon sudskog postupka, te u slu\u010dajevima kada isti nije pokrenut.\u00a0 Pokrivamo dvije \u017eupanije Po\u017ee\u0161ko-slavonsku i Bjelovarsko bilogorsku. Pomo\u0107 i podr\u0161ku pru\u017eat \u00a0\u0107emo u Po\u017eegi na Op\u0107inskom i Prekr\u0161ajno sudu te Stalnim slu\u017ebama Prekr\u0161ajnog suda\u00a0 u Bjelovaru u Daruvaru, Gare\u0161nici, Grubi\u0161nom Polju \u00a0i Pakracu.<\/strong><\/p>\n<p>&nbsp;<\/p>\n<p>\u017denska soba &#8211; Centar za seksualna prava je nositeljica programa kojeg financijski podr\u017eava Ministarstvo pravosu\u0111a Republike Hrvatske. Program se provodi u partnerstvu s 10 organizacija civilnog dru\u0161tva:\u00a0 Udruga za podr\u0161ku \u017ertvama i svjedocima; Centar za gra\u0111anske inicijative Pore\u010d; Centar za podr\u0161ku i razvoj civilnog dru\u0161tva DELFIN; DE\u0160A \u2013 Dubrovnik; Udruga HERA Kri\u017eevci \u2013 za za\u0161titu i promicanje ljudskih prava; Informativno pravni centar; \u017denska grupa Karlovac KORAK; S.O.S. Virovitica \u2013 savjetovanje, osna\u017eivanje, suradnja; SOS telefon za \u017eene \u017ertve nasilja Krapinsko \u2013 zagorske \u017eupanije, Zagorje; Udruga ZvoniMir.<\/p>\n<p><strong>Ciljevi programa<\/strong> su podi\u0107i razinu znanja, vje\u0161tina i kompetencija predstavnika organizacija civilnog dru\u0161tva za pru\u017eanje pomo\u0107i i podr\u0161ke \u017ertvama i svjedocima kaznenih djela; pru\u017eati pomo\u0107 i podr\u0161ku \u017ertvama i svjedocima kaznenih djela kroz pru\u017eanje osnovnih informacija i emocionalne potpore, psihosocijalne i savjetodavne pomo\u0107i, pratnjom na sud i druge relevantne institucije te kroz druge oblike usluga; raditi na senzibilizaciji i informiranju javnosti o sustavu podr\u0161ke \u017ertvama i svjedocima kaznenih djela u Republici Hrvatskoj.<\/p>\n<p><strong>Svrha programa<\/strong> je omogu\u0107iti pru\u017eanje pomo\u0107i i podr\u0161ke \u017ertvama i svjedocima u 13 \u017eupanija u kojima nisu osnovani odjeli za podr\u0161ku \u017ertvama i svjedocima odnosno u Bjelovarsko \u2013 bilogorskoj \u017eupaniji, Brodsko \u2013 posavskoj, Dubrova\u010dko \u2013 neretvanskoj, Istarskoj, Karlova\u010dkoj, Koprivni\u010dko-kri\u017eeva\u010dkoj, Krapinsko-zagorskoj, Li\u010dko-senjskoj, Po\u017ee\u0161ko-slavonskoj, \u0160ibensko-kninskoj, \u00a0Viroviti\u010dko-podravskoj, Vara\u017edinskoj i \u00a0Me\u0111imurskoj \u017eupaniji.<\/p>\n<p><strong>Popis organizacija civilnog dru\u0161tva:<\/strong><\/p>\n<ol>\n<li><a href=\"http:\/\/pzs.hr\">Udruga za podr\u0161ku \u017ertvama i svjedocima<\/a> (Vara\u017edinska i Me\u0111imurska \u017eupanija)<\/li>\n<li><a href=\"http:\/\/www.cgiporec.hr\/\">Centar za gra\u0111anske inicijative Pore\u010d <\/a>(Istarska \u017eupanija)<\/li>\n<li><a href=\"http:\/\/delfin-pakrac.com\/press\">Centar za podr\u0161ku i razvoj civilnog dru\u0161tva DELFIN <\/a>(Po\u017ee\u0161ko-slavonska \u017eupanija i Bjelovarsko \u2013 bilogorska \u017eupanija)<\/li>\n<li><a href=\"http:\/\/desa-dubrovnik.hr\/\">DE\u0160A \u2013 Dubrovnik <\/a>(Dubrova\u010dka \u017eupanija)<\/li>\n<li><a href=\"http:\/\/udruga-hera.info\/\">Udruga HERA Kri\u017eevci \u2013 za za\u0161titu i promicanje ljudskih prava <\/a>(Koprivni\u010dko-kri\u017eeva\u010dka \u017eupanija i Bjelovarsko-bilogorska \u017eupanija)<\/li>\n<li><a href=\"http:\/\/ipc.com.hr\/hr_HR\/\">Informativno pravni centar <\/a>(Brodsko-posavska \u017eupanija)<\/li>\n<li><a href=\"https:\/\/www.grupakorak.hr\/\">\u017denska grupa Karlovac Korak <\/a>(Karlova\u010dka \u017eupanija i Li\u010dko-senjska \u017eupanija)<\/li>\n<li><a href=\"http:\/\/sosvt.hr\/\">S.O.S. Virovitica \u2013 savjetovanje, osna\u017eivanje, suradnja <\/a>(Viroviti\u010dko \u2013 podravska \u017eupanija)<\/li>\n<li><a href=\"http:\/\/www.cesi.hr\/hr\/sos\/\">SOS telefon za \u017eene \u017ertve nasilja Krapinsko \u2013 zagorske \u017eupanije, Zagorje <\/a>(Krapinsko-zagorska \u017eupanija)<\/li>\n<li><a href=\"http:\/\/www.zvonimir.hr\/\">Udruga ZvoniMir <\/a>(\u0160ibensko-kninska \u017eupanija)<\/li>\n<\/ol>\n<p><strong>Za sve upite, pomo\u0107 i podr\u0161ku, savjete djelatnice\/djelatnici, volonterke\/ri stoje vam na raspolaganju:<\/strong><\/p>\n<ul>\n<li><strong>Osobnim dolaskom u OCD DELFIN, na adresi Bra\u0107e Radi\u0107a 13, Pakrac, drugi kat<\/strong><\/li>\n<li><strong>telefonskim putem 034 411-780 svaki radni dan od 08:00 do 16:00h (poziv se napla\u0107uje po normalnoj tarifi HT mre\u017ee)<\/strong><\/li>\n<li><strong>putem email-a na \u00a0 delfin.zamir@gmail.com<\/strong><\/li>\n<\/ul>\n<p>&nbsp;<\/p>\n<p><img loading=\"lazy\" decoding=\"async\" class=\"aligncenter size-full wp-image-1211\" src=\"http:\/\/delfin-pakrac.com\/press\/wp-content\/uploads\/2018\/01\/Za-web-MRE\u017dA-PODR\u0160KE-I-SURADNJE-Microsoft-Word_2018-01-24_08-29-11.jpg\" alt=\"\" width=\"1018\" height=\"498\" srcset=\"http:\/\/delfin-pakrac.com\/press\/wp-content\/uploads\/2018\/01\/Za-web-MRE\u017dA-PODR\u0160KE-I-SURADNJE-Microsoft-Word_2018-01-24_08-29-11.jpg 1018w, http:\/\/delfin-pakrac.com\/press\/wp-content\/uploads\/2018\/01\/Za-web-MRE\u017dA-PODR\u0160KE-I-SURADNJE-Microsoft-Word_2018-01-24_08-29-11-300x147.jpg 300w, http:\/\/delfin-pakrac.com\/press\/wp-content\/uploads\/2018\/01\/Za-web-MRE\u017dA-PODR\u0160KE-I-SURADNJE-Microsoft-Word_2018-01-24_08-29-11-768x376.jpg 768w, http:\/\/delfin-pakrac.com\/press\/wp-content\/uploads\/2018\/01\/Za-web-MRE\u017dA-PODR\u0160KE-I-SURADNJE-Microsoft-Word_2018-01-24_08-29-11-500x245.jpg 500w\" sizes=\"auto, (max-width: 1018px) 100vw, 1018px\" \/><\/p>\n<p>&nbsp;<\/p>\n<p>&nbsp;<\/p>\n<p>&nbsp;<\/p>\n<p>&nbsp;<\/p>\n<p>&nbsp;<\/p>\n","protected":false},"excerpt":{"rendered":"<p>Program \u201eMre\u017ea podr\u0161ke i suradnje \u017ertvama i svjedocima kaznenih djela\u201c kreiran je s ciljem osiguravanja pru\u017eanja pomo\u0107i i podr\u0161ke \u017ertvama i svjedocima kaznenih djela u \u017eupanijama u kojima nisu osnovani odjeli za podr\u0161ku \u017ertvama i svjedocima. Program se provodi u &hellip; <a href=\"http:\/\/delfin-pakrac.com\/press\/?page_id=1095\">Nastavi \u010ditati <span class=\"meta-nav\">&rarr;<\/span><\/a><\/p>\n","protected":false},"author":1,"featured_media":0,"parent":0,"menu_order":0,"comment_status":"closed","ping_status":"closed","template":"","meta":{"footnotes":""},"class_list":["post-1095","page","type-page","status-publish","hentry"],"_links":{"self":[{"href":"http:\/\/delfin-pakrac.com\/press\/index.php?rest_route=\/wp\/v2\/pages\/1095","targetHints":{"allow":["GET"]}}],"collection":[{"href":"http:\/\/delfin-pakrac.com\/press\/index.php?rest_route=\/wp\/v2\/pages"}],"about":[{"href":"http:\/\/delfin-pakrac.com\/press\/index.php?rest_route=\/wp\/v2\/types\/page"}],"author":[{"embeddable":true,"href":"http:\/\/delfin-pakrac.com\/press\/index.php?rest_route=\/wp\/v2\/users\/1"}],"replies":[{"embeddable":true,"href":"http:\/\/delfin-pakrac.com\/press\/index.php?rest_route=%2Fwp%2Fv2%2Fcomments&post=1095"}],"version-history":[{"count":15,"href":"http:\/\/delfin-pakrac.com\/press\/index.php?rest_route=\/wp\/v2\/pages\/1095\/revisions"}],"predecessor-version":[{"id":2455,"href":"http:\/\/delfin-pakrac.com\/press\/index.php?rest_route=\/wp\/v2\/pages\/1095\/revisions\/2455"}],"wp:attachment":[{"href":"http:\/\/delfin-pakrac.com\/press\/index.php?rest_route=%2Fwp%2Fv2%2Fmedia&parent=1095"}],"curies":[{"name":"wp","href":"https:\/\/api.w.org\/{rel}","templated":true}]}}